5146?
2
What is the hundreds digit of 14747024?
0
What is the tens digit of 18646326?
2
What is the units digit of 6575143?
3
What is the tens digit of 1517501?
0
What is the ten millions digit of 10118211?
1
What is the units digit of 40808?
8
What is the units digit of 7160242?
2
What is the thousands digit of 9843502?
3
What is the thousands digit of 736357?
6
What is the tens digit of 7387909?
0
What is the tens digit of 48900?
0
What is the ten millions digit of 13293402?
1
What is the millions digit of 5601241?
5
What is the millions digit of 4526355?
4
What is the units digit of 15491155?
5
What is the units digit of 2314958?
8
What is the ten thousands digit of 36546?
3
What is the hundred thousands digit of 570040?
5
What is the ten thousands digit of 1071243?
7
What is the units digit of 9855692?
2
What is the ten thousands digit of 194612?
9
What is the units digit of 1049474?
4
What is the ten thousands digit of 94719?
9
What is the tens digit of 104123?
2
What is the millions digit of 19282119?
9
What is the units digit of 301222?
2
What is the tens digit of 7140690?
9
What is the units digit of 661213?
3
What is the thousands digit of 3956141?
6
What is the ten thousands digit of 258389?
5
What is the units digit of 52482?
2
What is the units digit of 172466?
6
What is the hundred thousands digit of 1645188?
6
What is the hundred thousands digit of 4332900?
3
What is the units digit of 16454484?
4
What is the hundreds digit of 1211153?
1
What is the hundreds digit of 72093?
0
What is the ten thousands digit of 34181304?
8
What is the thousands digit of 1211503?
1
What is the hundred thousands digit of 5486493?
4
What is the tens digit of 39887?
8
What is the millions digit of 16604938?
6
What is the hundred thousands digit of 338235?
3
What is the tens digit of 1701666?
6
What is the ten thousands digit of 17430892?
3
What is the tens digit of 76945?
4
What is the tens digit of 273499?
9
What is the units digit of 6388413?
3
What is the hundred thousands digit of 1144462?
1
What is the hundreds digit of 5465?
4
What is the tens digit of 1789879?
7
What is the hundreds digit of 264239?
2
What is the ten thousands digit of 740717?
4
What is the thousands digit of 430615?
0
What is the tens digit of 129983?
8
What is the thousands digit of 668464?
8
What is the thousands digit of 203293?
3
What is the hundred thousands digit of 6702094?
7
What is the tens digit of 37706411?
1
What is the ten thousands digit of 5066230?
6
What is the hundreds digit of 4870?
8
What is the tens digit of 4524268?
6
What is the units digit of 772870?
0
What is the units digit of 1023676?
6
What is the hundred thousands digit of 15032225?
0
What is the millions digit of 1822838?
1
What is the hundreds digit of 5205742?
7
What is the hundreds digit of 21179?
1
What is the hundred thousands digit of 3909997?
9
What is the thousands digit of 1726174?
6
What is the hundreds digit of 74774?
7
What is the ten thousands digit of 711762?
1
What is the millions digit of 17843803?
7
What is the hundreds digit of 339662?
6
What is the thousands digit of 7442778?
2
What is the tens digit of 10573472?
7
What is the thousands digit of 4425400?
5
What is the millions digit of 1873993?
1
What is the units digit of 40369?
9
What is the ten millions digit of 10769768?
1
What is the hundreds digit of 224394?
3
What is the thousands digit of 9956476?
6
What is the thousands digit of 20482948?
2
What is the tens digit of 964074?
7
What is the hundreds digit of 364645?
6
What is the hundred thousands digit of 462373?
4
What is the millions digit of 10463442?
0
What is the ten millions digit of 15681644?
1
What is the units digit of 32971?
1
What is the tens digit of 310660?
6
What is the millions digit of 2054823?
2
What is the tens digit of 493702?
0
What is the hundreds digit of 787268?
2
What is the tens digit of 108656?
5
What is the thousands digit of 153555?
3
What is the thousands digit of 2851547?
1
What is the tens digit of 12549387?
8
What is the millions digit of 4580174?
4
What is the hundreds digit of 1592078?
0
What is the units digit of 593948?
8
What is the units digit of 611270?
0
What is the ten thousands digit of 7504146?
0
What is the units digit of 2509433?
3
What is the hundreds digit of 111300?
3
What is the hundred thousands digit of 751960?
7
What is the ten thousands digit of 126381?
2
What is the hundreds digit of 20237402?
4
What is the thousands digit of 8277936?
7
What is the tens digit of 9889857?
5
What is the ten millions digit of 14578259?
1
What is the hundred thousands digit of 9225062?
2
What is the hundred thousands digit of 388233?
3
What is the hundreds digit of 149311?
3
What is the tens digit of 708682?
8
What is the millions digit of 1620481?
1
What is the thousands digit of 546791?
6
What is the millions digit of 2023871?
2
What is the tens digit of 775405?
0
What is the ten thousands digit of 2922780?
2
What is the tens digit of 1107963?
6
What is the units digit of 35024282?
2
What is the hundreds digit of 770510?
5
What is the tens digit of 6199760?
6
What is the tens digit of 6660264?
6
What is the ten thousands digit of 1170231?
7
What is the hundreds digit of 212265?
2
What is the units digit of 161776?
6
What is the tens digit of 116704?
0
What is the thousands digit of 123882?
3
What is the ten thousands digit of 3005650?
0
What is the units digit of 1529888?
8
What is the hundreds digit of 399841?
8
What is the ten thousands digit of 7494021?
9
What is the hundred thousands digit of 324423?
3
What is the hundreds digit of 15857224?
2
What is the units digit of 30926?
6
What is the hundred thousands digit of 679705?
6
What is the hundreds digit of 4488656?
6
What is the ten millions digit of 33390940?
3
What is the tens digit of 995295?
9
What is the tens digit of 1811235?
3
What is the tens digit of 884508?
0
What is the thousands digit of 6827711?
7
What is the tens digit of 29428?
2
What is the ten thousands digit of 826976?
2
What is the ten thousands digit of 747188?
4
What is the millions digit of 2940237?
2
What is the hundred thousands digit of 191806?
1
What is the units digit of 147503?
3
What is the units digit of 136027?
7
What is the hundreds digit of 2290464?
4
What is the ten thousands digit of 1032161?
3
What is the tens digit of 514295?
9
What is the thousands digit of 299423?
9
What is the tens digit of 137407?
0
What is the hundreds digit of 1217208?
2
What is the ten millions digit of 17512073?
1
What is the tens digit of 177344?
4
What is the hundreds digit of 508848?
8
What is the ten thousands digit of 6158928?
5
What is the units digit of 1374687?
7
What is the tens digit of 375980?
8
What is the millions digit of 1737089?
1
What is the hundred thousands digit of 212847?
2
What is the millions digit of 6009299?
6
What is the hundreds digit of 158294?
2
What is the tens digit of 8913811?
1
What is the thousands digit of 1110894?
0
What is the units digit of 56254?
4
What is the ten thousands digit of 11860229?
6
What is the units digit of 944013?
3
What is the thousands digit of 367020?
7
What is the thousands digit of 7024642?
4
What is the units digit of 278182?
2
What is the ten thousands digit of 2139397?
3
What is the hundreds digit of 197417?
4
What is the tens digit of 36618?
1
What is the ten thousands digit of 673461?
7
What is the thousands digit of 7323317?
3
What is the hundred thousands digit of 9313678?
3
What is the units digit of 112109?
9
What is the millions digit of 7042478?
7
What is the tens digit of 8185168?
6
What is the hundred thousands digit of 114285?
1
What is the hundreds digit of 2678294?
2
What is the ten thousands digit of 1341366?
4
What is the thousands digit of 29598671?
8
What is the thousands digit of 3565242?
5
What is the tens digit of 900630?
3
What is the thousands digit of 3873301?
3
What is the hundreds digit of 2160899?
8
What is the hundred thousands digit of 18512765?
5
What is the thousands digit of 4480192?
0
What is the hundreds digit of 1100319?
3
What is the hundreds digit of 20355987?
9
What is the hundreds digit of 176437?
4
What is the thousands digit of 219826?
9
What is the hundreds digit of 660862?
8
What is the hundreds digit of 365067?
0
Wh